mmon divisor of 56106257 and 83.
83
Calculate the greatest common divisor of 4245925 and 675.
25
Calculate the greatest common factor of 3376647 and 162.
81
What is the highest common factor of 21502172 and 12116?
932
Calculate the highest common divisor of 11408 and 1855939.
713
What is the greatest common divisor of 5638926 and 678?
678
Calculate the highest common factor of 2252 and 14532156.
2252
What is the highest common divisor of 1447832 and 4757?
71
Calculate the highest common factor of 51582217 and 734.
367
What is the greatest common factor of 16112720 and 60?
20
What is the greatest common factor of 91557 and 864?
27
What is the greatest common factor of 83390 and 84103?
31
Calculate the greatest common factor of 32 and 1883768.
8
What is the highest common divisor of 3469347 and 168?
21
Calculate the highest common divisor of 590396 and 57268.
412
What is the highest common divisor of 41288 and 364273702?
10322
Calculate the highest common divisor of 7 and 111958259.
7
What is the highest common factor of 116 and 7374178?
58
Calculate the highest common divisor of 84748238 and 253.
23
Calculate the highest common factor of 1 and 184420379.
1
What is the highest common divisor of 46250 and 66732500?
1250
Calculate the highest common divisor of 542098 and 3708911.
3431
Calculate the greatest common divisor of 1700519 and 2.
1
Calculate the greatest common factor of 904 and 477016.
8
Calculate the greatest common factor of 54787431 and 38.
19
What is the highest common factor of 39128094 and 94653?
7281
Calculate the greatest common divisor of 478346 and 797368.
374
Calculate the greatest common factor of 997919 and 498017.
377
Calculate the highest common divisor of 180 and 14312820.
60
Calculate the greatest common factor of 22513417 and 635.
127
What is the highest common factor of 4646 and 35084269?
2323
Calculate the greatest common divisor of 4833044 and 2301.
59
What is the greatest common divisor of 12349602 and 18?
18
Calculate the highest common factor of 329004438 and 7035.
1407
Calculate the highest common divisor of 693 and 22725747.
99
Calculate the highest common factor of 138198 and 11129.
31
What is the greatest common factor of 195466 and 697?
17
What is the highest common divisor of 1973802 and 170?
34
What is the highest common factor of 8505 and 368382?
21
What is the highest common divisor of 22329 and 388561815?
7443
Calculate the highest common divisor of 611745536 and 3424.
3424
Calculate the highest common divisor of 5575000 and 3850.
50
Calculate the highest common factor of 15 and 47510895.
15
Calculate the highest common factor of 67330432 and 3328.
1664
Calculate the greatest common factor of 25 and 38164025.
25
Calculate the highest common divisor of 263836 and 149569.
929
Calculate the highest common factor of 2507 and 102281.
23
What is the greatest common factor of 253869 and 183219?
471
Calculate the highest common factor of 82 and 533496633.
41
Calculate the greatest common divisor of 367935 and 2489.
19
What is the greatest common divisor of 3592894 and 103888?
302
What is the greatest common factor of 2866 and 1532?
2
Calculate the greatest common factor of 3512724 and 84.
12
What is the greatest common factor of 21627482 and 214?
214
What is the greatest common divisor of 296758 and 5368?
22
Calculate the highest common divisor of 171 and 1058699.
19
Calculate the greatest common factor of 1210537 and 60818.
647
What is the greatest common factor of 758835254 and 1928?
482
What is the highest common divisor of 359792 and 168752?
3184
What is the greatest common divisor of 2724 and 606163548?
2724
What is the highest common divisor of 43508 and 1640788?
596
Calculate the highest common divisor of 161487 and 657.
9
What is the greatest common divisor of 3608167 and 79?
79
What is the greatest common divisor of 25948 and 62036?
52
What is the greatest common factor of 74014 and 50002?
46
Calculate the greatest common divisor of 144029590 and 3560.
890
What is the highest common factor of 42815448 and 1192?
1192
Calculate the highest common factor of 29035945 and 10.
5
What is the highest common divisor of 22324057 and 11613?
3871
Calculate the greatest common factor of 6975 and 451575.
225
Calculate the greatest common factor of 1260 and 493290.
630
What is the greatest common divisor of 148 and 37507714?
74
What is the highest common divisor of 282679592 and 17888?
4472
What is the greatest common factor of 1672 and 6304808?
152
Calculate the greatest common factor of 35441497 and 3549.
1183
What is the greatest common factor of 1672812 and 6140528?
6884
What is the greatest common divisor of 3070056 and 16842?
2406
What is the greatest common factor of 6171517 and 550?
11
Calculate the highest common factor of 599168 and 49600.
1984
Calculate the highest common divisor of 68456518 and 1708.
122
What is the greatest common factor of 3987760 and 91420?
140
What is the highest common factor of 1258481 and 407?
37
Calculate the greatest common factor of 3372757 and 1.
1
What is the highest common divisor of 50 and 252462840?
10
Calculate the greatest common divisor of 236095 and 1886707.
2053
Calculate the greatest common divisor of 269730 and 29322.
162
Calculate the greatest common factor of 99352 and 3058.
22
Calculate the greatest common factor of 3451 and 86156.
119
What is the greatest common divisor of 107520 and 212275?
35
What is the greatest common factor of 609853 and 34547?
179
Calculate the highest common divisor of 128 and 25018496.
128
What is the greatest common divisor of 704092 and 80?
4
What is the greatest common divisor of 623 and 220459141?
623
What is the greatest common factor of 5440 and 1845010?
170
Calculate the greatest common factor of 46611 and 71658.
9
What is the highest common factor of 2224007 and 152?
19
What is the highest common factor of 16 and 15994184?
8
What is the greatest common factor of 3831524 and 69?
23
What is the greatest common factor of 10508060 and 3193?
103
Calculate the greatest common divisor of 137116 and 1720145.
413
What is the greatest common factor of 7722700 and 1885?
145
Calculate the highest common factor of 940 and 2329940.
20
What is the greatest common factor of 203582 and 49868?
274
What is the highest common factor of 380219545 and 774?
43
Calculate the greatest common divisor of 1993806 and 486.
18
What is the greatest common divisor of 39379046 and 98?
98
Calculate the greatest common factor of 2203449 and 47120.
589
What is the greatest common divisor of 324909 and 5057?
13
Calculate the greatest common divisor of 72166010 and 10458.
1162
Calculate the highest common factor of 44468968 and 152.
152
Calculate the greatest common divisor of 157804966 and 670.
134
What is the greatest common factor of 5700427080 and 13012?
13012
What is the greatest common factor of 7821633 and 2967?
69
Calculate the greatest common divisor of 13 and 3922033271.
13
What is the highest common divisor of 18576 and 34938?
54
What is the greatest common factor of 644047410 and 60?
30
Calculate the highest common factor of 13717254 and 3244.
1622
Calculate the highest common factor of 389 and 96538519.
389
Calculate the greatest common factor of 2144688 and 1118208.
4368
What is the greatest common factor of 2598 and 38907648?
2598
What is the greatest common factor of 34 and 112581582?
34
What is the highest common factor of 148637687 and 132?
11
Calculate the highest common divisor of 466667 and 65656.
283
What is the highest common factor of 101653468 and 2204?
116
Calculate the greatest common factor of 15820625 and 3825.
425
What is the greatest common divisor of 25 and 444825?
25
Calculate the highest common divisor of 840768 and 18.
6
Calculate the greatest common divisor of 3 and 63188229.
3
What is the greatest common factor of 454314408 and 47?
47
What is the highest common divisor of 163569 and 945?
21
What is the highest common divisor of 11995776 and 567?
81
Calculate the greatest common divisor of 133 and 6382061.
7
What is the greatest common factor of 82272795 and 495?
165
Calculate the highest common divisor of 36 and 38354520.
12
Calculate the highest common divisor of 26800 and 39607050.
3350
Calculate the greatest common factor o